s of j/(-19) - 50/475?
2, 7, 37
Suppose 0 = -2*i - 4*k + 4 - 8, 2 = 2*i + 2*k. Suppose -i*f = 3*z - 4052, 3*f - 456 = -3*z + 2583. List the prime factors of (4/(-20) - f/10)*-2.
7, 29
Suppose -2*c + 727 = k, -5*c = 4*k - 2418 - 481. Let x = 527 + k. List the prime factors of x.
2, 3, 13
Let h = -41 + 42. Let g(j) = 368*j**3 - j**2 + 4*j - 5. What are the prime factors of g(h)?
2, 3, 61
Let l(k) = -25*k - 1395 + 3018 - 1534. What are the prime factors of l(-17)?
2, 257
Suppose -2*k = 4*k + 216. List the prime factors of ((-1356)/k)/((-1)/(-3)).
113
Let u(w) = -341*w - 334. Let k(c) = -c**3 - 11*c**2 + 2*c - 126. Let d be k(-12). What are the prime factors of u(d)?
2, 107
Let v(z) = -z**2 - z. Let s(o) = 4*o**2 + 21*o - 2. Let l(b) = -s(b) - 5*v(b). Let m = -26 + 43. What are the prime factors of l(m)?
19
Suppose 26217 = 42*v - 15*v. Let g = v - 580. What are the prime factors of g?
17, 23
Let q(v) = 299*v**2 - 13*v - 13. List the prime factors of q(2).
13, 89
Suppose -2*k + 35 = -7*k. Let h(g) be the first derivative of g**3/3 + 3*g**2 + 18*g + 75. What are the prime factors of h(k)?
5
Suppose -23*c + 174330 = -0*c + 22*c. What are the prime factors of c?
2, 13, 149
What are the prime factors of 25/((18/(-27))/((-68)/6))?
5, 17
Suppose 0 = 4*m - 4*c - 120, 22*c - 2 = 21*c. What are the prime factors of (15/12)/5 + 18456/m?
577
Suppose 4*a = -28, -5*i - 27576 = -5*a - 123201. List the prime factors of i.
2, 11, 79
Let q = 15210 + 17611. List the prime factors of q.
23, 1427
Suppose -4*v + 75 = v. Suppose -3*t + v = -w, -2*t + 10 = 2*w - 8. Suppose t*i + i = 1344. List the prime factors of i.
2, 3
Let m = -2821 - -4479. What are the prime factors of m?
2, 829
Suppose 109389 + 124959 = 23*i + 74337. What are the prime factors of i?
3, 773
Suppose -4*z - 2*r = 7394 + 4328, -3*r + 5857 = -2*z. Let m = -1726 - z. What are the prime factors of m?
2, 7, 43
Suppose 19*k = 6*k + 20384. Suppose g = 5*b + k, 2*g = -3*g - 4*b + 7724. What are the prime factors of g?
2, 3, 43
Let p(c) = 5*c**2 - 10*c + 7594. List the prime factors of p(0).
2, 3797
Let n = 6203 + -4322. Suppose 2*f - n = -7*f. Suppose -4*m + f = -11. List the prime factors of m.
5, 11
Let f(n) = 589*n - 78. Let d be -3*(1 - 2/(-3)) - -7. What are the prime factors of f(d)?
2, 5, 11
Let k(l) be the third derivative of l**5/15 - l**4/12 - l**3 - 3*l**2. Let d = 699 + -696. What are the prime factors of k(d)?
2, 3
Let i(v) = 3*v**3 - 4*v**3 + 29*v**2 - 29 + 947*v - 876*v. List the prime factors of i(31).
2, 5
Suppose -k - 5*w + 113 = -43, 4*w = 3*k - 544. Let o = k - 131. What are the prime factors of o?
3, 5
Let h(n) = 8*n + 8. Let q be h(19). Suppose -q*x - 14 = -159*x. List the prime factors of (-606)/(-15) + x/35.
2, 5
Suppose 104*k - 1206586 - 1059262 = 0. What are the prime factors of k?
21787
Let f be ((-27)/(-12))/9*16. Suppose 5*h = 3*o + 28, -2*h + 68 = -f*o + 12. Let m = o + 41. What are the prime factors of m?
5
Let k = -29 + 37. Suppose 0*a + 32 = k*a. Suppose 0 = -a*j - j + 235. What are the prime factors of j?
47
Let x = 73631 + -20163. What are the prime factors of x?
2, 13367
Suppose y - 4*n = 25297, 33*y - 5*n - 101100 = 29*y. List the prime factors of y.
5, 31, 163
Suppose 5*h + 5*k = -0*k, 4*h = -3*k + 2. Suppose -h*m - m + 649 = 2*l, 0 = -3*m + 5*l + 677. What are the prime factors of m?
3, 73
Let k(t) = 179 + 9*t + 6*t + 63 + 0*t + 21*t. List the prime factors of k(25).
2, 571
Suppose -3*t + 10 = -5*t. Let i = -105 + t. Let x = -36 - i. List the prime factors of x.
2, 37
Let w(g) = g**3 + 17*g**2 + 7*g - 114. Let h be w(-16). Suppose h*x - 6*x = 16080. List the prime factors of x.
2, 5, 67
Let u(x) = 3225*x**2 + 312*x - 1257. What are the prime factors of u(4)?
3, 29, 593
Suppose -30*l = -22*l - 2592. Let g = l - 272. List the prime factors of g.
2, 13
List the prime factors of -1*(10/(-85) - 47080/85).
2, 277
Let t be (8/(-6))/(-5 - (-2863)/573). Let r = -3 - -7. Suppose t = 4*h + 2*f - r*f, 5*f = h - 91. What are the prime factors of h?
2, 3
List the prime factors of (6 + 360/(-48))/((-9)/371310).
5, 12377
Let a(r) = r**2 + 9*r + 3. Let o be a(-9). Suppose -64 - 224 = o*k. Let z = -46 - k. What are the prime factors of z?
2, 5
Suppose -17*j + 16*j + 83 = 0. Let g be 243/18*(-20)/(-3). Let v = j + g. List the prime factors of v.
173
Let u(w) = -3576*w - 222. What are the prime factors of u(-2)?
2, 3, 5, 7, 11
Suppose -x + 2*x - 4*j - 6 = 0, 0 = 3*x - 3*j - 9. Let w = -3751 - -3872. Let g = w - x. What are the prime factors of g?
7, 17
Suppose -151528 + 39348 = -2*b + 29516. List the prime factors of b.
2, 3, 41
Let j be (-214536)/(-70) + (-4)/5. Suppose 0 = 4*n + 2*p - j, 4*p + 1522 = -3*n + 5*n. What are the prime factors of n?
3, 5, 17
Suppose -2775*y + 4*h = -2770*y - 8994, -4*y - 4*h + 7152 = 0. What are the prime factors of y?
2, 3, 13, 23
Let i be 7/(7/5073) - (-12)/(-6). Suppose 17027 = 14*t + i. What are the prime factors of t?
2, 7, 61
What are the prime factors of (-2060)/(-4) - 27/9?
2
Let u = -952 + 610. Let l(r) = -161*r + 1206. Let k be l(9). Let z = k - u. List the prime factors of z.
3, 11
Let a = -435 - -303. What are the prime factors of 88/a*(-1696 + (2 - 1))?
2, 5, 113
Suppose 12525 = -13*s - 21665. Let b = -1755 - s. List the prime factors of b.
5, 7
List the prime factors of (22613 + 1)/((-1)/(((-12)/(-8))/(-3))).
3, 3769
Suppose 5*y - 5*d = -5885, 0 = 3*y - 6*d + 4*d + 3536. Let u = -626 - y. List the prime factors of u.
2, 139
Let b(j) = j**2 - 4*j - 18. Suppose 5*i - s + 124 = 0, 5*s = -i + 3*s - 27. What are the prime factors of b(i)?
7, 101
Suppose -70 = -35*i + 28*i. Suppose -1736 = -4*s - i*s. List the prime factors of s.
2, 31
Let c(r) = 8*r + 3061. What are the prime factors of c(29)?
37, 89
Suppose 17*b - 11*b - 3330 = 0. Suppose 195 = 5*i - b. What are the prime factors of i?
2, 3, 5
Let f be (-170)/(-40) - (-1)/(-4) - 1. Suppose -f*v = -15, n + v - 295 = 2*v. Suppose 4*z + 0*q = -5*q + 240, 5*z = -q + n. What are the prime factors of z?
2, 3, 5
Let k be 1 + (-5596)/(-16) - 2/(-8). Suppose -215 + 774 = 3*q + 5*h, 5*q = -5*h + 935. Let t = k - q. List the prime factors of t.
163
Let a(l) = -63*l - 271. Let d = -358 + 345. What are the prime factors of a(d)?
2, 137
Let k be (-92)/(3/(-3))*(-75)/(-6). Suppose -10*h + k = -5*h. What are the prime factors of h?
2, 5, 23
Let d(w) = -w**2 - 16*w + 712. What are the prime factors of d(0)?
2, 89
Let g be 225/15*(-2 + (1 - 0)). Let k be (-48)/(-10) + 12/g. What are the prime factors of (-1401)/(-12) - 2*k/(-32)?
3, 13
Let f = 6 + -4. Let r(t) be the first derivative of 11*t**2 - 5*t + 27. What are the prime factors of r(f)?
3, 13
Let p(n) be the first derivative of 95*n**4/4 - n**3/3 - n**2 - 33. Let t be p(-1). Let u = 12 - t. List the prime factors of u.
2, 53
Let v be 6435 - (0/(-1) + 3). List the prime factors of ((-3)/2)/((-24)/v).
2, 3, 67
Let d(r) = 241*r + 29. Let l be d(4). Suppose l = -21*a + 26*a - 3*s, 4*a + 2*s = 812. What are the prime factors of a?
3, 67
Suppose -11*w + 29546 = -12738. What are the prime factors of w?
2, 31
Let c(s) be the first derivative of -5*s**2 + 633*s + 2. List the prime factors of c(0).
3, 211
Let t be 2/(-7) + 340/14. Suppose 245*c = 258*c - 39. List the prime factors of 3260/t + c + 2/12.
139
Let h be 50/(-4 + 699/174). Suppose -10*v - 900 = -h. List the prime factors of v.
2, 5
Let p(q) = 936*q**2 - 30*q - 255. List the prime factors of p(-9).
3, 7, 23, 157
Let j be (2/(-5))/((-3)/(-480)). Let l = j - -1. List the prime factors of (-15)/5 - (l - -2).
2, 29
Let u be -1 - -4 - 4 - -4. Suppose -3*b + 6 = 0, -5*b = u*c + 2*c - 2490. Suppose -76 = -j + 3*v, 4*j + 3*v - c = -147. List the prime factors of j.
5, 17
List the prime factors of -8 - (78/13 + -19037).
3, 17, 373
Suppose -3*v - 7*v + 220 = 0. Suppose 4*m + v = 46. Suppose 10*p - 136 = m*p. List the prime factors of p.
2, 17
List the prime factors of (1 - (-21459)/15)/((-16)/(-1800)*5).
3, 1193
Let u(z) = -6*z + 3. Let y be u(-2). Suppose -7 = j - y. Suppose -j*s + 246 = -146. What are the prime factors of s?
7
Suppose 4*l + 2*o - 82 = -3*o, -5*l + 125 = -5*o. Suppose -v - l = -4*g, -v - 15 = 2*g + 2*g. Let a = v - -97. List the prime factors of a.
2, 3, 13
Let y = -77 - -84. Suppose 4*h - 619 = 3*p,